{"id":355,"date":"2024-06-04T17:10:45","date_gmt":"2024-06-04T17:10:45","guid":{"rendered":"https:\/\/bevoltec.com\/escolarmoveis\/?post_type=product&#038;p=355"},"modified":"2024-06-04T17:11:08","modified_gmt":"2024-06-04T17:11:08","slug":"roupeiro-grp-2-insalubre","status":"publish","type":"product","link":"https:\/\/bevoltec.com\/escolarmoveis\/produto\/roupeiro-grp-2-insalubre\/","title":{"rendered":"Roupeiro GRP-2 Insalubre"},"content":{"rendered":"<p>O Roupeiro GRP-2 Insalubre \u00e9 um m\u00f3vel fabricado com material resistente e dur\u00e1vel, ideal para ambientes industriais, hospitais, laborat\u00f3rios, entre outros locais que exigem condi\u00e7\u00f5es espec\u00edficas de armazenamento de roupas e objetos pessoais. Conta com 20 portas individuais, garantindo a organiza\u00e7\u00e3o e seguran\u00e7a dos pertences de cada usu\u00e1rio. Al\u00e9m disso, possui um design pr\u00e1tico e funcional, facilitando o acesso e manuseio das portas. Ideal para quem busca um produto de qualidade e alta capacidade de armazenamento.<\/p>\n","protected":false},"excerpt":{"rendered":"<p>Possui um design funcional e pr\u00e1tico, facilitando o acesso e manuseio das portas. Produto de qualidade e alta capacidade de armazenamento.<\/p>\n","protected":false},"featured_media":356,"comment_status":"open","ping_status":"closed","template":"","meta":{"_joinchat":[]},"product_brand":[],"product_cat":[27],"product_tag":[],"class_list":{"0":"post-355","1":"product","2":"type-product","3":"status-publish","4":"has-post-thumbnail","6":"product_cat-armarios","8":"first","9":"instock","10":"sold-individually","11":"shipping-taxable","12":"product-type-simple"},"_links":{"self":[{"href":"https:\/\/bevoltec.com\/escolarmoveis\/wp-json\/wp\/v2\/product\/355","targetHints":{"allow":["GET"]}}],"collection":[{"href":"https:\/\/bevoltec.com\/escolarmoveis\/wp-json\/wp\/v2\/product"}],"about":[{"href":"https:\/\/bevoltec.com\/escolarmoveis\/wp-json\/wp\/v2\/types\/product"}],"replies":[{"embeddable":true,"href":"https:\/\/bevoltec.com\/escolarmoveis\/wp-json\/wp\/v2\/comments?post=355"}],"wp:featuredmedia":[{"embeddable":true,"href":"https:\/\/bevoltec.com\/escolarmoveis\/wp-json\/wp\/v2\/media\/356"}],"wp:attachment":[{"href":"https:\/\/bevoltec.com\/escolarmoveis\/wp-json\/wp\/v2\/media?parent=355"}],"wp:term":[{"taxonomy":"product_brand","embeddable":true,"href":"https:\/\/bevoltec.com\/escolarmoveis\/wp-json\/wp\/v2\/product_brand?post=355"},{"taxonomy":"product_cat","embeddable":true,"href":"https:\/\/bevoltec.com\/escolarmoveis\/wp-json\/wp\/v2\/product_cat?post=355"},{"taxonomy":"product_tag","embeddable":true,"href":"https:\/\/bevoltec.com\/escolarmoveis\/wp-json\/wp\/v2\/product_tag?post=355"}],"curies":[{"name":"wp","href":"https:\/\/api.w.org\/{rel}","templated":true}]}}